l - 105. Suppose 3*a - 199 = -r. Is a a prime number?
True
Is ((-190)/100)/(-19) + 360789/10 composite?
True
Let q = -22 + 24. Suppose -10 = -2*r - 2*y, 3*y - 1 = 6*r - q*r. Suppose 0 = 3*t + r*t + 2*w - 477, 4*t - 379 = w. Is t a prime number?
False
Let o be 1/10 - 329715/(-850). Let w = 959 - o. Is w composite?
False
Suppose -8*z = -7 - 9. Suppose -5*b + 14769 = 2*w, 5*w - 36912 = -4*b + z*b. Is w composite?
True
Suppose -2*o - 3*s + 25796 = -7*o, 15477 = -3*o + 2*s. Let x = -3234 - o. Is x a prime number?
False
Suppose -2*o + s = -6*o + 56627, 70782 = 5*o + 3*s. Let q = o + -9436. Is q prime?
True
Suppose 62 = s - 4*s - 4*j, 2*s + 26 = 5*j. Let g be 516/s*((-9)/6 - 0). Let v = g - -148. Is v a prime number?
True
Let z(t) = -t**3 + 7*t**2 - 3*t - 4. Let m be z(6). Is (134/(-3))/(m/(-609)) prime?
False
Let x(w) = 40446*w + 13. Is x(1) composite?
False
Suppose 3*l = -y + 109, -l + 43 = -5*y + 4*y. Let n = l + -3. Let j = 22 + n. Is j prime?
False
Suppose 28*d - 21*d - 183813 = 0. Suppose 5*p = 5*q - 43765, 3*p + d = 3*q + 7*p. Is q a prime number?
True
Suppose -q - 4*h = -458, q + 93 - 546 = -5*h. Let j = q + -268. Suppose -3413 = -k - j. Is k a prime number?
True
Let c = 231593 - 77620. Is c composite?
True
Suppose -5*t + 362105 = -3*y, 3*t - 12*y = -9*y + 217263. Is t prime?
True
Suppose -5*n - 1891 = -h + 34052, -179686 = -5*h - 4*n. Suppose 24307 + h = 5*v. Is v prime?
True
Let t(c) = c**3 + 8*c**2 - 9*c + 14. Let o be t(-9). Suppose 0 = -o*h + 5*h + 2799. Is h a prime number?
True
Let x(d) = 1893*d**2 - d. Let i be x(1). Let b(u) = -59*u**2 - 644*u + 55. Let a be b(-11). Suppose -p + 987 = 2*w - i, -5*p + w + 14395 = a. Is p prime?
True
Let r be 18381 - (80/(-2))/10. Let b = -4004 + r. Is b prime?
False
Suppose 1479119 = 5*f + 3*c, -f - 98*c + 295803 = -100*c. Is f a composite number?
False
Is (-2 - 5) + 15/((-75)/(-1216210)) + 0 composite?
True
Is (1*(-532354)/(-16))/((-300)/(-2400)) composite?
False
Suppose -o = -2*o - 287. Let l = o - -619. Is -2 + (-6)/(l/340 + -1) composite?
True
Let l = -16301 + 87894. Is l a prime number?
True
Let o be (-40)/(-5) + 0 + -5. Suppose -5*p = -6*z + 34016, 7*z - o*z + p = 22686. Is z a composite number?
True
Suppose -h = -5*r + 3*r - 60131, 2*r = 5*h - 300655. Is h composite?
True
Suppose -7*m - 8 = -9*m. Suppose 0 = -m*u - 0*u + 24. Is 22144/24 - (-2)/u a prime number?
False
Let h(v) = 560*v**3 + 6*v**2 - 16*v - 61. Is h(10) prime?
False
Is (-11 + (-29706361)/(-34))/((-3)/(-6)) composite?
True
Suppose 620*k - 625*k = 2*u - 9697, -5*u = -5*k + 9655. Is k a prime number?
False
Let c be (8/6)/((-2)/(-18)*6). Let t(i) = -8*i**2 + 11*i**2 - c*i + 0*i - 2*i**2 + 3. Is t(8) a prime number?
False
Let c(j) = 2715*j**3 + 5*j**2 + 13*j - 44. Is c(3) composite?
True
Let l(i) = 3809*i - 45. Is l(32) prime?
True
Suppose -111*x + 106*x + 25 = 0. Suppose 3*n - 381 = -3*d, 0 = 39*n - 43*n - x*d + 508. Is n a prime number?
True
Is ((-25)/(-5) + -5)/2 + (13 - -1834) composite?
False
Let f(d) = -d**3 + 3*d**2 + 7*d - 5. Let r be f(4). Let v be (-156 + 156)/(1*4). Suppose r*g - 442 - 853 = v. Is g a composite number?
True
Suppose 1131356 = 7*w + 7*w - 10*w. Is w prime?
False
Suppose 24*z = 33 + 87. Suppose 0 = -4*l + z*m + 2028, l - 5*l - 4*m + 1992 = 0. Is l composite?
True
Suppose -2*i - 19 = 5*m, -8 = 3*i + 2*m + 4. Is 19311 + -2*(-4 - i) prime?
False
Is ((-6750)/(-4) - 2)*-8*(-2781)/108 a prime number?
False
Suppose -46*k = -40*k - 3756. Suppose 2*a + 156 = k. Is a a composite number?
True
Suppose a + 4*a - 120 = 0. Let z be ((-474)/a - -5)*-4*1. Let d = z - -122. Is d a composite number?
False
Suppose 5*w - h + 30535 = -5*h, 0 = -2*w + 5*h - 12181. Let k be ((-12)/9)/((-3)/19404). Let l = w + k. Is l a prime number?
True
Let h(a) = 2*a**3 - 21*a**2 + 14*a - 25. Is h(14) a composite number?
False
Suppose 4*n - 22 = -5*d, 3*n = 2*d + n - 16. Let c be 3199/35 + (-21)/15. Is 185/d - (-15)/c a prime number?
True
Let b = 27710 - 13716. Suppose 3*r - 2*g - b = -r, 17496 = 5*r + g. Suppose r = 4*l + 735. Is l prime?
True
Suppose 2*i + 3*o - 92467 = 0, -3*o + 3 = -0*o. Suppose 0 = -8*t - 18184 + i. Is t prime?
False
Let r = 549 + -1130. Let p = -322 - r. Is p prime?
False
Let i be ((-1060)/3 - -1)*(-111)/(-37). Let b(r) = 330*r + 14. Let h be b(6). Let t = i + h. Is t a prime number?
True
Let n = -158575 - -228318. Is n a prime number?
False
Suppose -5*r + 25 = -2*z, 71 = -5*z - 0*z + 4*r. Let q = z + 13. Is (4 + 58)/((-4)/q) a composite number?
False
Is ((-235218)/(-5) - 3)/((-36)/(-120)) prime?
False
Let l be (-16 + -5)/(2/(-6) - 0). Suppose 60*c = l*c - 36. Let n(f) = 349*f - 11. Is n(c) prime?
True
Suppose 12*w + 42 = 5*w. Let x be ((-8)/w)/(52/(-78)). Is -1 + -4 + (296 - x) prime?
True
Let j = 103 - 100. Suppose -5*z + 26102 = 4*t, -4*z = -j*t + 2810 + 16782. Suppose 11*a = 2921 + t. Is a prime?
True
Is (-1)/(((-2)/25523*1)/(11 - 9)) prime?
True
Is (-45)/(2025/18) - (-790347)/5 prime?
False
Let h(w) = 3*w. Let g be h(1). Let l be (8 + 6 + (-369)/27)/((-2)/(-51054)). Suppose 0 = -5*z - g*k + l + 5514, 0 = 5*z + 2*k - 14027. Is z composite?
True
Let m(g) be the second derivative of -1/2*g**2 + 0 - 3/2*g**3 - 11*g + 5/12*g**4. Is m(4) composite?
False
Suppose 0 - 14 = -7*a. Suppose 0 = -8*u + a*u + 5226. Is u composite?
True
Let w(s) = 22*s**3 + 2*s**2 + 29*s - 6. Is w(7) a composite number?
False
Suppose 2*g - 6 = 8. Suppose -6*p = -g*p + 3. Suppose 0 = p*b + 3*b - 114. Is b a composite number?
False
Suppose 2*y + 405 = 7*y. Let b be y/(-6)*(-4)/6. Suppose -4*l - b*l + 1027 = 0. Is l a composite number?
False
Let n = 157 + -153. Is (24/16)/(3/5806) - n a prime number?
False
Let c = -57999 + 108482. Suppose 4*f - 3*p = c, -5*f + 15817 + 47282 = p. Is (15/(-10))/((-15)/f) a prime number?
False
Let i = 37 - 62. Let l be 8145 + i + (-2)/(2/(-3)). Let f = l - 5334. Is f a prime number?
True
Suppose -4*l - v - 29 + 112 = 0, -4*l + 89 = 3*v. Suppose 32*t = l*t + 33468. Is t a composite number?
False
Suppose -3*v = -5*v - 2*v. Suppose -3*l = -2*z - l + 2070, 5*z - 2*l - 5172 = v. Suppose i + z = 3*i. Is i prime?
False
Suppose 2*i = 5*u - 7703 + 42408, 4*u - 17346 = -i. Let v = i - 8931. Is v a composite number?
False
Suppose 145*w - 5*k = 147*w - 395667, 791322 = 4*w - 2*k. Is w composite?
False
Suppose -39*b - 1217407 = -5490988. Is b prime?
True
Let n(q) = q**3 + 4*q**2 - q + 4. Let j be n(-4). Is -2*((-15268)/j + (3 - 5)) a composite number?
False
Let a be (-2)/((-14)/21)*54. Suppose 0 = -2*p - a + 776. Is p a prime number?
True
Let l(o) = 1393*o**2 - 12*o - 3. Let t be l(-2). Let g = -2964 + t. Is g a prime number?
False
Suppose 10*m = 8*m - 4*u + 13950, 3*m + 9*u - 20922 = 0. Is m a composite number?
False
Let f = 72031 - -163716. Is f a composite number?
False
Let w = 2003663 - 1080882. Is w a prime number?
True
Let t = -32 - -32. Let y be 2 + t*(-2)/8. Suppose 5*j + 174 - 1291 = 3*g, -y*j + g + 446 = 0. Is j prime?
False
Let q(f) = 1. Let l(u) = -u**2 + 65*u + 15. Let y(v) = l(v) + 2*q(v). Is y(29) a prime number?
True
Suppose -2*w - 112206 = -4*l, -2077*l + 2082*l = 2*w + 140257. Is l composite?
False
Let c = 32226 - -21097. Is c a prime number?
True
Let c(v) = 2*v - 3 + 7 + 0*v. Let k be c(-1). Suppose d - 2*h - 237 = 0, -3*d - k*h = -157 - 554. Is d composite?
True
Let s(b) = b**2 + 16*b - 272. Let c be s(12). Let f be -36*(1 + (-177)/(-12)). Let r = c - f. Is r prime?
True
Is (((-50080632)/16)/7)/(-1 + (-3)/6) a prime number?
True
Suppose -143414 + 915742 + 1063860 = 4*d. Is d composite?
False
Let q = -396 + 395. Is q + (0 - 3) - (-46053)/51 composite?
True
Let d(x) = 3*x - 72. Let t be d(0). Let m = t + 69. Is m + (-2 - -7 - -291) composite?
False
Let a = 249 - 245. Is (-3 - -4)*(a + 123) a composite number?
False
Let n(k) = -1858*k**3 - 12*k**2 - 15*k + 30. Is n(-7) a prime number?
False
Suppose 0 = -4*i - 3*i - 35. Let b be (i/(-3))/(3/81756*2). Is (20/(-6))/((-20)/b) a composite number?
True
Suppose -36 = -4*w + 4*l - 0*l, -22 = -2*w - 2*l. Suppose 2*k = w, 2*i - 7*i + 28910 = 3*k. Is i a composite number?
False
Suppose -2*u - 3*q = -109514, 3*q = 129*u - 124*u - 273827. Is u prime?
False
Suppose 17*o - 24*o + 1477 = 0. Let q = 996 - o. Is q prime?
False
Suppose -216*g = -4*o - 203*g + 862455, 2*g + 1078083 = 5*